what is 14240451 + -1?
14240450
In base 14, what is 8d2b - 1?
8d2a
In base 9, what is 3 - -73012?
73015
In base 5, what is -1132 - 310?
-1442
In base 10, what is -26 + -618?
-644
In base 4, what is 12 - -113023111?
113023123
In base 9, what is -30417 - 1?
-30418
In base 15, what is 2b75e - 1?
2b75d
In base 7, what is 312656 - -4?
312663
In base 3, what is -110222112022 + 10?
-110222112012
In base 6, what is 13 - 554355?
-554342
In base 8, what is 13 + 2376?
2411
In base 12, what is 0 - -b60a?
b60a
In base 5, what is -442 - 11214?
-12211
In base 13, what is 301790 - -4?
301794
In base 8, what is 13425 + -36?
13367
In base 10, what is 2 + 298942?
298944
In base 10, what is -4 + 25954?
25950
In base 6, what is -24133 - -3314?
-20415
In base 3, what is 20201212 - -2002?
20210221
In base 6, what is -1001135 - -22?
-1001113
In base 12, what is -20 - -21577?
21557
In base 9, what is 3 + -1564480?
-1564476
In base 11, what is 3 - 7525?
-7522
In base 16, what is -5 + 9765f?
9765a
In base 8, what is 34 - 16262?
-16226
In base 8, what is 10452 + 5?
10457
In base 7, what is 123120 - -14?
123134
In base 15, what is -11caa + -16?
-11cc1
In base 7, what is 216 - -420?
636
In base 8, what is -67006 - 10?
-67016
In base 7, what is 22101 + -300?
21501
In base 15, what is 42 + 919?
95b
In base 3, what is -111 + -120210020?
-120210201
In base 16, what is -135 + -b?
-140
In base 9, what is -2885 + 20?
-2865
In base 11, what is -66 + -1953?
-1a09
In base 6, what is 134 - 3523?
-3345
In base 15, what is -5212 - 0?
-5212
In base 4, what is -1321303311 - 11?
-1321303322
In base 3, what is 1202101 - -12112?
1221220
In base 5, what is -3202141 + 1?
-3202140
In base 11, what is -1 - 24191?
-24192
In base 2, what is -101 + 101110101000101001?
101110101000100100
In base 16, what is -5e + -305?
-363
In base 7, what is -23 - 151150?
-151203
In base 12, what is 711b - -5?
7124
In base 13, what is -101642 + -3?
-101645
In base 4, what is -22 - 20213120?
-20213202
In base 10, what is -343 + 31?
-312
In base 15, what is 12d5 - 3a?
129a
In base 4, what is 201111 + -113?
200332
In base 13, what is 3a87 - 18?
3a6c
In base 9, what is -2 - 434326?
-434328
In base 14, what is 32 + -102?
-b0
In base 2, what is 1101101000000000 - 10?
1101100111111110
In base 14, what is 37 + -1d93?
-1d5a
In base 7, what is -111262 - 5?
-111300
In base 4, what is 22120201 + -31?
22120110
In base 5, what is 1 - -2440421?
2440422
In base 6, what is 5523 - 2043?
3440
In base 3, what is 1010112210 - 102020?
1010010120
In base 4, what is 1200312 - -11?
1200323
In base 12, what is -9 - 6a92?
-6a9b
In base 11, what is 0 - 415a44?
-415a44
In base 13, what is -6 - b0a?
-b13
In base 14, what is 36 + -340cb?
-34095
In base 6, what is 4 - 152221?
-152213
In base 4, what is -2 - -2210003?
2210001
In base 15, what is -20 + 3958?
3938
In base 11, what is -219066 + 2?
-219064
In base 9, what is -3 + -27178?
-27182
In base 3, what is -10222221101 - -12?
-10222221012
In base 9, what is -10333 - 253?
-10586
In base 6, what is 30 + 1322455?
1322525
In base 14, what is -1 + -1c8c?
-1c8d
In base 11, what is 1a186 + -5?
1a181
In base 9, what is -1 - -21551?
21550
In base 8, what is -2303 - -11?
-2272
In base 7, what is -2 - -503523?
503521
In base 15, what is -127438 - -2?
-127436
In base 15, what is -19dc + 10?
-19cc
In base 6, what is -130341 - 0?
-130341
In base 7, what is -104204 - 1?
-104205
In base 10, what is 21760 + 8?
21768
In base 14, what is -447b0 - 0?
-447b0
In base 2, what is -101 + -1011111000111?
-1011111001100
In base 6, what is 1310 - 2541?
-1231
In base 3, what is -1022211201101 + 0?
-1022211201101
In base 2, what is 110000 - -1110000010?
1110110010
In base 2, what is -11111011 + 10001001100?
1101010001
In base 15, what is -120b + dd?
-111d
In base 9, what is -26 + 2754?
2727
In base 16, what is 4 + -529?
-525
In base 16, what is -261 + 78?
-1e9
In base 7, what is -506022 - 1?
-506023
In base 11, what is -1994a3 + -1?
-1994a4
In base 12, what is a9a9 + 0?
a9a9
In base 15, what is -c - -185a?
184d
In base 5, what is -112223 - -101?
-112122
In base 11, what is 55 - 15?
40
In base 14, what is -113d - 65?
-11a4
In base 16, what is -ba0a + 5?
-ba05
In base 3, what is 112020001 - -1122?
112021200
In base 6, what is 30311 - -23?
30334
In base 12, what is -6027 + 1?
-6026
In base 2, what is 111000100 - -10100?
111011000
In base 4, what is -11 + -322303103?
-322303120
In base 3, what is 200011 + -1002?
122002
In base 8, what is 10 + -212652?
-212642
In base 8, what is -25073 + 1?
-25072
In base 5, what is -3 + -24320100?
-24320103
In base 14, what is -36065 - -1?
-36064
In base 12, what is 2947 - 1ab?
2758
In base 14, what is 3 - 710b?
-7108
In base 15, what is -20b2 + -1bd?
-2280
In base 8, what is 153 - 143?
10
In base 3, what is 202 - -11000200210?
11000201112
In base 14, what is 131752 + 4?
131756
In base 10, what is -11 + -271?
-282
In base 8, what is 210 - 112?
76
In base 16, what is -2 - 1c50?
-1c52
In base 3, what is 1211 - -100200221?
100202202
In base 7, what is 1 + -3360540?
-3360536
In base 8, what is 4 + -214772?
-214766
In base 4, what is -11 - -22102013?
22102002
In base 2, what is -10010001 + 1100110001?
1010100000
In base 9, what is 10021 + -106?
8814
In base 7, what is 6 - 33022?
-33013
In base 11, what is -4 + -1525a?
-15263
In base 11, what is 4 + 3a9278?
3a9281
In base 8, what is 1 + 72457?
72460
In base 5, what is -203 + -2203?
-2411
In base 10, what is -116273 + 21?
-116252
In base 4, what is -1102301332 - -10?
-1102301322
In base 2, what is -10011110 + 1001110000?
111010010
In base 7, what is 2615 - 64?
2521
In base 13, what is -3215 - -bb?
-3127
In base 4, what is 310210 - 11?
310133
In base 11, what is 1 + 23291?
23292
In base 14, what is 26 - 1aac?
-1a86
In base 2, what is -100 - -11011011011000000?
11011011010111100
In base 14, what is -3 + c6d0?
c6cb
In base 2, what is -1001000011111011 - 10001?
-1001000100001100
In base 10, what is -62 + 4723?
4661
In base 10, what is 47257 + -37?
47220
In base 8, what is 2420 + 600?
3220
In base 12, what is -a9b + 45a?
-641
In base 8, what is -4642056 - 2?
-4642060
In base 6, what is -254035 - -122?
-253513
In base 5, what is -11123314 - -4?
-11123310
In base 10, what is 1828208 - -2?
1828210
In base 12, what is 40 + 52?
92
In base 5, what is 12034 - 30034?
-13000
In base 11, what is 2153 + -10?
2143
In base 2, what is 1110 - -1100110110000011?
1100110110010001
In base 7, what is -146140 + -13?
-146153
In base 9, what is -4 + 83367?
83363
In base 3, what is -1010120 - 202100?
-1212220
In base 7, what is -4 - 22406?
-22413
In base 13, what is -20 + -23b1b?
-23b3b
In base 4, what is 202011 + 313?
202330
In base 5, what is 2 - 440331?
-440324
In base 6, what is 54 + 5031?
5125
In base 9, what is 384 + 1708?
2203
In base 8, what is -122 - -13?
-107
In base 7, what is 10 + 14325?
14335
In base 15, what is -5cd54 - -2?
-5cd52
In base 4, what is 12113 + 2303?
21022
In base 4, what is 2 - -1110232313?
1110232321
In base 6, what is -224223 + 3?
-224220
In base 4, what is 2111023 - 3033?
2101330
In base 7, what is -2 - -11566553?
11566551
In base 9, what is 3 + 36687?
36701
In base 3, what is 200002 - 0?
200002
In base 2, what is 101 - -10111011001110010?
10111011001110111
In base 6, what is 14 + 111545?
112003
In base 16, what is 3442ce - 5?
3442c9
In base 13, what is -1033 - -4?
-102c
In base 3, what is -112200 + -21021?
-210221
In base 16, what is 4 - -ff7?
ffb
In base 9, what is -624331 + -3?
-624334
In base 13, what is 75 - -501?
576
In base 4, what is 1 + -1012101?
-1012100
In base 12, what is 1323 - 0?
1323
In base 15, what is -6c9 - -5?
-6c4
In base 15, what is -23d + 16?
-227
In base 15, what is 11 + -615?
-604
In base 13, what is 1128 - -1c?
1147
In base 2, what is -11111111101100 - 100101?
-100000000010001
In base 3, what is -11200022010 - -11?
-11200021222
In base 5, what is 412010 - 113?
411342
In base 10, what is 2 - 1058?
-1056
In base 12, what is 73652 - -13?
73665
In base 8, what is -1 - -44725?
44724
In base 11, what is 0 + 4819?
4819
In base 16, what is -170 + 1d3?
63
In base 11, what is -4 - -4aa2?
4a99
In base 2, what is 1011001 - 1100010101?
-1010111100
In base 12, what is 217a + -b?
216b
In base 13, what is -3 + -5950c?
-59512
In base 